{"id":478,"date":"2019-07-14T20:11:36","date_gmt":"2019-07-14T20:11:36","guid":{"rendered":"https:\/\/actionmethod.szoc.bme.hu\/?page_id=478"},"modified":"2019-07-14T20:39:20","modified_gmt":"2019-07-14T20:39:20","slug":"kutatas-akciomodszer","status":"publish","type":"page","link":"https:\/\/actionmethod.szoc.bme.hu\/?page_id=478","title":{"rendered":"Kutat\u00e1s &#038; akci\u00f3m\u00f3dszer"},"content":{"rendered":"<p>Az akci\u00f3m\u00f3dszerrel vezetett esem\u00e9nyek&#8230;<\/p>\n<p>olykor \u00f6nmagukban kutat\u00e1snak tekinthet\u0151k&#8230;<\/p>\n<p>Az akci\u00f3m\u00f3dszerrel vezetett folyamatok bizonyos esetekben \u00f6nmagukban r\u00e9szv\u00e9teli akci\u00f3kutat\u00e1snak (RAK)\u00a0 tekinthet\u0151k. Ilyenkor a &#8220;kutat\u00e1s&#8221;\u00a0 &#8211; a tudom\u00e1nyost\u00f3l elt\u00e9r\u0151 \u00e9rtelemben \u00e9rtend\u0151, m\u00e1s \u00e9rv\u00e9nyess\u00e9gi krit\u00e9riumok alapj\u00e1n &#8220;m\u00e9rend\u0151&#8221;.\u00a0 Az akci\u00f3kutat\u00e1sban ugyanis a kutatott \u00f6nmaga kutat\u00f3j\u00e1v\u00e1 v\u00e1lik: \u00f6nmaga \u00e9s t\u00e1rsadalmi k\u00f6rnyezete viszony\u00e1nak \u00e9rtelmez\u0151j\u00e9v\u00e9. Ebben a folyamatban az elm\u00e9leti \u00e9s gyakorlati tud\u00e1s oppoz\u00edci\u00f3ja \u00e9rtelmezhetetlen, a kutat\u00e1s deklar\u00e1ltan v\u00e1ltoz\u00e1st hoz\u00a0 az \u00e9rintett csoportban (a kutat\u00f3ban \u00e9s az \u00e9rintett int\u00e9zm\u00e9nyi k\u00f6rnyezetben). Az akci\u00f3m\u00f3dszerrel vezetett folyamatokban a r\u00e9sztvev\u0151k sokszor saj\u00e1t k\u00f6z\u00f6s (int\u00e9zm\u00e9nyi, kultur\u00e1lis stb. kontextusukb\u00f3l ered\u0151) k\u00e9rd\u00e9seiket, probl\u00e9m\u00e1ikat fedezik fel, az azokra adhat\u00f3 v\u00e1laszokat fogalmazz\u00e1k meg, \u00e9s ez\u00e1ltal v\u00e1lhatnak cselekv\u0151k\u00e9pess\u00e9 &#8211; egy &#8220;hogyan tudjuk mi&#8230;&#8221; t\u00edpus\u00fa k\u00e9rd\u00e9s ment\u00e9n haladva. Azaz, az akci\u00f3m\u00f3dszer sok szempontb\u00f3l k\u00f6nnyen illeszkedik a RAK alapelveihez.<\/p>\n<p>m\u00e1skor kutat\u00e1si m\u00f3dszerk\u00e9nt haszn\u00e1lhat\u00f3k&#8230;<\/p>\n<p>A szociodr\u00e1ma \u00e9s az akci\u00f3m\u00f3dszer adatgy\u0171jt\u00e9si m\u00f3dszer is lehet, ha a jelent\u00e9stermel\u00e9si \u00e9s \u00e9rtelmez\u00e9si folyamat egy f\u00e1zis\u00e1ba az \u00e9rintetteket is bevonja a kutat\u00f3. Az\u00a0 ilyen &#8220;eszk\u00f6zszer\u0171&#8221; haszn\u00e1lata az akci\u00f3m\u00f3dszernek abban k\u00fcl\u00f6nb\u00f6zik a r\u00e9szv\u00e9teli akci\u00f3kutat\u00e1st\u00f3l, hogy az \u00e9rintettek nem avanzs\u00e1l\u00f3dnak maguk is kutat\u00f3 partnerr\u00e9 a tudom\u00e1nyos kutat\u00e1s teljes folyamat\u00e1ban.<\/p>\n<p>megint m\u00e1skor a kutat\u00e1s t\u00e1rgy\u00e1t k\u00e9pezhetik&#8230;<\/p>\n<p>Term\u00e9szetesen maga az akci\u00f3m\u00f3dszer \/ szociodr\u00e1ma is v\u00e1lhat kutat\u00e1s t\u00e1rgy\u00e1v\u00e1: ilyenkor gyakran a m\u00f3dszer legitimit\u00e1sa,\u00a0 a saj\u00e1tj\u00e1\u00e9t\u00f3l elt\u00e9r\u0151 diskurzusokban val\u00f3 elfogadtat\u00e1sa a t\u00e9t. A kutat\u00e1si k\u00e9rd\u00e9s ilyenkor\u00a0 c\u00e9lozhatja p\u00e9ld\u00e1ul a m\u00f3dszer &#8220;eredm\u00e9nyess\u00e9g\u00e9nek&#8221; m\u00e9r\u00e9s\u00e9t, vagy a m\u00f3dszer t\u00e1rsadalomt\u00f6rt\u00e9neti be\u00e1gyazotts\u00e1g\u00e1nak felt\u00e9rk\u00e9pez\u00e9s\u00e9t.<\/p>\n","protected":false},"excerpt":{"rendered":"<p>Az akci\u00f3m\u00f3dszerrel vezetett esem\u00e9nyek&#8230; olykor \u00f6nmagukban kutat\u00e1snak tekinthet\u0151k&#8230; Az akci\u00f3m\u00f3dszerrel vezetett folyamatok bizonyos esetekben \u00f6nmagukban r\u00e9szv\u00e9teli akci\u00f3kutat\u00e1snak (RAK)\u00a0 tekinthet\u0151k. Ilyenkor a &#8220;kutat\u00e1s&#8221;\u00a0 &#8211; a tudom\u00e1nyost\u00f3l elt\u00e9r\u0151 \u00e9rtelemben \u00e9rtend\u0151, m\u00e1s \u00e9rv\u00e9nyess\u00e9gi krit\u00e9riumok alapj\u00e1n &#8220;m\u00e9rend\u0151&#8221;.\u00a0 Az akci\u00f3kutat\u00e1sban ugyanis a kutatott \u00f6nmaga kutat\u00f3j\u00e1v\u00e1 v\u00e1lik: \u00f6nmaga \u00e9s t\u00e1rsadalmi k\u00f6rnyezete viszony\u00e1nak \u00e9rtelmez\u0151j\u00e9v\u00e9. Ebben a folyamatban az elm\u00e9leti \u00e9s gyakorlati tud\u00e1s [&hellip;]<\/p>\n","protected":false},"author":2,"featured_media":0,"parent":0,"menu_order":0,"comment_status":"closed","ping_status":"closed","template":"","meta":{"footnotes":""},"_links":{"self":[{"href":"https:\/\/actionmethod.szoc.bme.hu\/index.php?rest_route=\/wp\/v2\/pages\/478"}],"collection":[{"href":"https:\/\/actionmethod.szoc.bme.hu\/index.php?rest_route=\/wp\/v2\/pages"}],"about":[{"href":"https:\/\/actionmethod.szoc.bme.hu\/index.php?rest_route=\/wp\/v2\/types\/page"}],"author":[{"embeddable":true,"href":"https:\/\/actionmethod.szoc.bme.hu\/index.php?rest_route=\/wp\/v2\/users\/2"}],"replies":[{"embeddable":true,"href":"https:\/\/actionmethod.szoc.bme.hu\/index.php?rest_route=%2Fwp%2Fv2%2Fcomments&post=478"}],"version-history":[{"count":5,"href":"https:\/\/actionmethod.szoc.bme.hu\/index.php?rest_route=\/wp\/v2\/pages\/478\/revisions"}],"predecessor-version":[{"id":483,"href":"https:\/\/actionmethod.szoc.bme.hu\/index.php?rest_route=\/wp\/v2\/pages\/478\/revisions\/483"}],"wp:attachment":[{"href":"https:\/\/actionmethod.szoc.bme.hu\/index.php?rest_route=%2Fwp%2Fv2%2Fmedia&parent=478"}],"curies":[{"name":"wp","href":"https:\/\/api.w.org\/{rel}","templated":true}]}}