{"id":632,"date":"2020-05-26T09:53:42","date_gmt":"2020-05-26T09:53:42","guid":{"rendered":"https:\/\/actionmethod.szoc.bme.hu\/?page_id=632"},"modified":"2020-06-19T20:02:17","modified_gmt":"2020-06-19T20:02:17","slug":"krizisben-a-zeneipar-ossze-tudunk-fogni","status":"publish","type":"page","link":"https:\/\/actionmethod.szoc.bme.hu\/?page_id=632","title":{"rendered":"Kr\u00edzisben a zeneipar: \u00f6ssze tudunk fogni?"},"content":{"rendered":"<p><img loading=\"lazy\" decoding=\"async\" width=\"1024\" height=\"683\" src=\"https:\/\/actionmethod.szoc.bme.hu\/wp-content\/uploads\/2020\/06\/86700695_600097014166359_7175241118534074368_o.jpg\" alt=\"\" \/>\t\t\t\t\t\t\t\t\t\t\t<\/p>\n<h2>\n<h4 style=\"font-variant-ligatures: normal; font-variant-caps: normal; font-style: normal; white-space: normal; text-align: center;\">Online szociodr\u00e1ma<\/h4>\n<h4 style=\"font-variant-ligatures: normal; font-variant-caps: normal; font-style: normal; white-space: normal; text-align: center;\">\u00c1llapotfelm\u00e9r\u00e9ssel egybek\u00f6t\u00f6tt k\u00f6z\u00f6s \u00f6tletel\u00e9s egy BME kutat\u00e1son bel\u00fcl<\/h4>\n<\/h2>\n<h5>mi ez?<\/p>\n<\/h5>\n<p>Kr\u00edzisben a zeneipar: \u00f6ssze tudunk fogni? V\u00e9gig tudjuk csin\u00e1lni? Mit tudunk magunk\u00e9rt tenni? Zeneipari szerepl\u0151kkel szervez\u00fcnk szociodramatikus csoportalkalmakat azzal a c\u00e9llal, hogy min\u00e9l r\u00e9szletesebben meg\u00e9rts\u00fck a helyzet\u00fcnket \u00e9s a lehet\u0151s\u00e9geinket. Az alkalom teret k\u00edn\u00e1l a produkt\u00edv gondolkod\u00e1sra, mik\u00f6zben egy &#8211; m\u00e9g a kr\u00edzis el\u0151tt kezd\u0151d\u0151 &#8211; kutat\u00e1s r\u00e9sze is.\u00a0<\/p>\n<h5>hogyan?<\/h5>\n<p>A csoportokat online szervezz\u00fck. A folyamat l\u00e9nyege, hogy felt\u00e9rk\u00e9pezz\u00fck a csoporttagokat legink\u00e1bb \u00e9rint\u0151 k\u00e9rd\u00e9seket, \u00e9s azokat a k\u00fcl\u00f6nb\u00f6z\u0151 zeneipari szerepl\u0151k, t\u00e9nyez\u0151k perspekt\u00edv\u00e1j\u00e1b\u00f3l vizsg\u00e1ljuk meg. A k\u00fcl\u00f6nb\u00f6z\u0151 n\u00e9z\u0151pontok felt\u00e1r\u00e1s\u00e1val nyilv\u00e1nval\u00f3v\u00e1 v\u00e1lnak olyan rejtett, kor\u00e1bban fel nem ismert vagy ki nem mondott kapcsol\u00f3d\u00e1sok, elv\u00e1r\u00e1sok, amelyek megvizsg\u00e1l\u00e1sa\u00a0 seg\u00edthet a helyzet \u00fajragondol\u00e1s\u00e1ban, a tov\u00e1bbl\u00e9p\u00e9sben.\u00a0<\/p>\n<p>A csoportot akci\u00f3m\u00f3dszerrel vezetj\u00fck, ami azt jelenti, hogy a r\u00e9sztvev\u0151k olykor m\u00e1sok szempontj\u00e1b\u00f3l besz\u00e9lve, gondolkodva vizsg\u00e1lj\u00e1k a saj\u00e1t poz\u00edci\u00f3jukat. Ez a szerepv\u00e1lt\u00e1s\u00a0 sokat seg\u00edt a k\u00e9rd\u00e9sek alapos k\u00f6r\u00fclj\u00e1r\u00e1s\u00e1hoz. Az online csoportok vezet\u00e9s\u00e9hez egy whiteboard fel\u00fcletet is haszn\u00e1lunk.\u00a0<\/p>\n<h5 style=\"font-variant-ligatures: normal; font-variant-caps: normal; font-style: normal;\">jelentkezn\u00e9k&#8230;<\/h5>\n<p><b>Technikai sz\u00fcks\u00e9gletek<\/b>: stabil internetkapcsolat, webkamera, asztali g\u00e9p \/laptop (telefon, tablet, Ipad nem el\u00e9g)<\/p>\n<p><b>Egy\u00e9b<\/b>: k\u00e9t \u00e9s f\u00e9l szabad \u00f3ra egy h\u00e9tf\u0151i vagy keddi napon<\/p>\n<p><b>Csoportvezet\u0151k:<\/b> Blask\u00f3 \u00c1gnes &amp; Galg\u00f3czi Kriszta<\/p>\n<p><b>Email:\u00a0<\/b><a style=\"font-style: normal; font-variant-ligatures: normal; font-variant-caps: normal; font-weight: 400; color: #1155cc; font-family: Arial, Helvetica, sans-serif; font-size: small; background-color: #ffffff;\" href=\"mailto:zeneiparikutatas@gmail.com\" target=\"_blank\" rel=\"noopener noreferrer\">zeneiparikutatas@gmail.com<\/a>\u00a0<\/p>\n<p>\t\t\t<a href=\"https:\/\/actionmethod.szoc.bme.hu\/?page_id=581\" target=\"_blank\" role=\"button\" rel=\"noopener noreferrer\"><br \/>\n\t\t\t\t\t\tVISSZA<br \/>\n\t\t\t\t\t<\/a><br \/>\n\t\t\t<a href=\"https:\/\/actionmethod.szoc.bme.hu\/?page_id=602\" target=\"_blank\" role=\"button\" rel=\"noopener noreferrer\"><br \/>\n\t\t\t\t\t\tB\u0150VEBBEN<br \/>\n\t\t\t\t\t<\/a><br \/>\n\t\t\t\t\t\t\t\t\t\t<img decoding=\"async\" src=\"https:\/\/actionmethod.szoc.bme.hu\/wp-content\/plugins\/elementor\/assets\/images\/placeholder.png\" title=\"\" alt=\"\" \/><\/p>\n","protected":false},"excerpt":{"rendered":"<p>Online szociodr\u00e1ma \u00c1llapotfelm\u00e9r\u00e9ssel egybek\u00f6t\u00f6tt k\u00f6z\u00f6s \u00f6tletel\u00e9s egy BME kutat\u00e1son bel\u00fcl mi ez? Kr\u00edzisben a zeneipar: \u00f6ssze tudunk fogni? V\u00e9gig tudjuk csin\u00e1lni? Mit tudunk magunk\u00e9rt tenni? Zeneipari szerepl\u0151kkel szervez\u00fcnk szociodramatikus csoportalkalmakat azzal a c\u00e9llal, hogy min\u00e9l r\u00e9szletesebben meg\u00e9rts\u00fck a helyzet\u00fcnket \u00e9s a lehet\u0151s\u00e9geinket. Az alkalom teret k\u00edn\u00e1l a produkt\u00edv gondolkod\u00e1sra, mik\u00f6zben egy &#8211; m\u00e9g a kr\u00edzis [&hellip;]<\/p>\n","protected":false},"author":2,"featured_media":0,"parent":0,"menu_order":0,"comment_status":"closed","ping_status":"closed","template":"","meta":{"footnotes":""},"_links":{"self":[{"href":"https:\/\/actionmethod.szoc.bme.hu\/index.php?rest_route=\/wp\/v2\/pages\/632"}],"collection":[{"href":"https:\/\/actionmethod.szoc.bme.hu\/index.php?rest_route=\/wp\/v2\/pages"}],"about":[{"href":"https:\/\/actionmethod.szoc.bme.hu\/index.php?rest_route=\/wp\/v2\/types\/page"}],"author":[{"embeddable":true,"href":"https:\/\/actionmethod.szoc.bme.hu\/index.php?rest_route=\/wp\/v2\/users\/2"}],"replies":[{"embeddable":true,"href":"https:\/\/actionmethod.szoc.bme.hu\/index.php?rest_route=%2Fwp%2Fv2%2Fcomments&post=632"}],"version-history":[{"count":11,"href":"https:\/\/actionmethod.szoc.bme.hu\/index.php?rest_route=\/wp\/v2\/pages\/632\/revisions"}],"predecessor-version":[{"id":681,"href":"https:\/\/actionmethod.szoc.bme.hu\/index.php?rest_route=\/wp\/v2\/pages\/632\/revisions\/681"}],"wp:attachment":[{"href":"https:\/\/actionmethod.szoc.bme.hu\/index.php?rest_route=%2Fwp%2Fv2%2Fmedia&parent=632"}],"curies":[{"name":"wp","href":"https:\/\/api.w.org\/{rel}","templated":true}]}}