{"id":662,"date":"2020-11-24T09:52:27","date_gmt":"2020-11-24T09:52:27","guid":{"rendered":"https:\/\/actionmethod.szoc.bme.hu\/?page_id=662"},"modified":"2020-11-26T15:48:16","modified_gmt":"2020-11-26T15:48:16","slug":"apait-anyait","status":"publish","type":"page","link":"https:\/\/actionmethod.szoc.bme.hu\/?page_id=662","title":{"rendered":"APAIT &#8211; ANYAIT?!"},"content":{"rendered":"<h1 style=\"font-variant-ligatures: normal; font-variant-caps: normal; line-height: 0.3; font-size: 28px; font-style: normal; color: #f74600; text-transform: uppercase; text-align: left;\">MENNYIT ADOK MAGAMB\u00f3l?<\/h1>\n<h5 style=\"font-variant-ligatures: normal; font-variant-caps: normal; font-style: normal;\">\u00a0 \u00a0 \u00a0 Online csoportok a zeneipari szerepeinkr\u0151l\u00a0<\/h5>\n<p>\t\t\t\t\t\t\t\t\t\t<img loading=\"lazy\" decoding=\"async\" width=\"1024\" height=\"1024\" src=\"https:\/\/actionmethod.szoc.bme.hu\/wp-content\/uploads\/2019\/06\/PATTERN1-01.png\" alt=\"\" \/>\t\t\t\t\t\t\t\t\t\t\t<\/p>\n<p>Ez\u00fattal arra vagyunk k\u00edv\u00e1ncsiak, hogy mik\u00e9nt, kik\u00e9nt vagyunk a zeneiparban?\u00a0 Mennyit adunk magunkb\u00f3l \u00e9s mit? Apait-anyait? Vagy azt az\u00e9rt megtartjuk priv\u00e1tba? Hol vannak a hat\u00e1raink?\u00a0 Gondolkodjunk egy\u00fctt arr\u00f3l, hogy zen\u00e9szk\u00e9nt, zeneipari dolgoz\u00f3k\u00e9nt mit k\u00edv\u00e1n t\u0151l\u00fcnk a munk\u00e1nk, zeneipari dolgoz\u00f3k\u00e9nt mi mindent mozg\u00f3s\u00edtunk magunkb\u00f3l, hogy talpon maradjunk.<\/p>\n<p>\u00a0<\/p>\n<h5>KR\u00edZISBEN A ZENEIPAR &#8211; online csoportok folyamatosan<\/h5>\n<p>mi ez?<\/p>\n<p>Zeneipari szerepl\u0151kkel szervez\u00fcnk szociodramatikus csoportalkalmakat azzal a c\u00e9llal, hogy min\u00e9l r\u00e9szletesebben meg\u00e9rts\u00fck a helyzet\u00fcnket \u00e9s a lehet\u0151s\u00e9geinket. Az alkalom teret k\u00edn\u00e1l a produkt\u00edv gondolkod\u00e1sra, mik\u00f6zben egy kutat\u00e1s r\u00e9sze is.\u00a0<\/p>\n<p>hogyan?<\/p>\n<p>A csoportokat online szervezz\u00fck. A folyamat l\u00e9nyege, hogy felt\u00e9rk\u00e9pezz\u00fck a csoporttagokat legink\u00e1bb \u00e9rint\u0151 k\u00e9rd\u00e9seket, \u00e9s azokat a k\u00fcl\u00f6nb\u00f6z\u0151 zeneipari szerepl\u0151k, t\u00e9nyez\u0151k perspekt\u00edv\u00e1j\u00e1b\u00f3l vizsg\u00e1ljuk meg. A k\u00fcl\u00f6nb\u00f6z\u0151 n\u00e9z\u0151pontok felt\u00e1r\u00e1s\u00e1val nyilv\u00e1nval\u00f3v\u00e1 v\u00e1lnak olyan rejtett, kor\u00e1bban fel nem ismert vagy ki nem mondott kapcsol\u00f3d\u00e1sok, elv\u00e1r\u00e1sok, amelyek megvizsg\u00e1l\u00e1sa\u00a0 seg\u00edthet a helyzet \u00fajragondol\u00e1s\u00e1ban, a tov\u00e1bbl\u00e9p\u00e9sben.\u00a0<\/p>\n<p>A csoportot akci\u00f3m\u00f3dszerrel vezetj\u00fck, ami azt jelenti, hogy a r\u00e9sztvev\u0151k olykor m\u00e1sok szempontj\u00e1b\u00f3l besz\u00e9lve, gondolkodva vizsg\u00e1lj\u00e1k a saj\u00e1t poz\u00edci\u00f3jukat. Ez a szerepv\u00e1lt\u00e1s\u00a0 sokat seg\u00edt a k\u00e9rd\u00e9sek alapos k\u00f6r\u00fclj\u00e1r\u00e1s\u00e1hoz. Az online csoportok vezet\u00e9s\u00e9hez egy whiteboard fel\u00fcletet is haszn\u00e1lunk.\u00a0<\/p>\n<p>jelentkezn\u00e9k&#8230;<\/p>\n<p>akkor legy\u00e9l: nyugalmas k\u00f6rnyezetben, bekapcsolt vide\u00f3val egy asztali g\u00e9pn\u00e9l lehet\u0151leg eg\u00e9rrel, mert whiteboard fel\u00fcletet haszn\u00e1lunk. \u00c9s persze \u00edrj ide:\u00a0\u00a0zeneiparikutatas@gmail.com<\/p>\n<p>\u00a0<\/p>\n<p style=\"text-align: right;\">dr\u00e1mavezet\u0151k: Blask\u00f3 \u00c1gnes \u00e9s Galg\u00f3czi Krisztina<\/p>\n","protected":false},"excerpt":{"rendered":"<p>MENNYIT ADOK MAGAMB\u00f3l? \u00a0 \u00a0 \u00a0 Online csoportok a zeneipari szerepeinkr\u0151l\u00a0 Ez\u00fattal arra vagyunk k\u00edv\u00e1ncsiak, hogy mik\u00e9nt, kik\u00e9nt vagyunk a zeneiparban?\u00a0 Mennyit adunk magunkb\u00f3l \u00e9s mit? Apait-anyait? Vagy azt az\u00e9rt megtartjuk priv\u00e1tba? Hol vannak a hat\u00e1raink?\u00a0 Gondolkodjunk egy\u00fctt arr\u00f3l, hogy zen\u00e9szk\u00e9nt, zeneipari dolgoz\u00f3k\u00e9nt mit k\u00edv\u00e1n t\u0151l\u00fcnk a munk\u00e1nk, zeneipari dolgoz\u00f3k\u00e9nt mi mindent mozg\u00f3s\u00edtunk magunkb\u00f3l, hogy [&hellip;]<\/p>\n","protected":false},"author":2,"featured_media":0,"parent":0,"menu_order":0,"comment_status":"closed","ping_status":"closed","template":"","meta":{"footnotes":""},"_links":{"self":[{"href":"https:\/\/actionmethod.szoc.bme.hu\/index.php?rest_route=\/wp\/v2\/pages\/662"}],"collection":[{"href":"https:\/\/actionmethod.szoc.bme.hu\/index.php?rest_route=\/wp\/v2\/pages"}],"about":[{"href":"https:\/\/actionmethod.szoc.bme.hu\/index.php?rest_route=\/wp\/v2\/types\/page"}],"author":[{"embeddable":true,"href":"https:\/\/actionmethod.szoc.bme.hu\/index.php?rest_route=\/wp\/v2\/users\/2"}],"replies":[{"embeddable":true,"href":"https:\/\/actionmethod.szoc.bme.hu\/index.php?rest_route=%2Fwp%2Fv2%2Fcomments&post=662"}],"version-history":[{"count":11,"href":"https:\/\/actionmethod.szoc.bme.hu\/index.php?rest_route=\/wp\/v2\/pages\/662\/revisions"}],"predecessor-version":[{"id":687,"href":"https:\/\/actionmethod.szoc.bme.hu\/index.php?rest_route=\/wp\/v2\/pages\/662\/revisions\/687"}],"wp:attachment":[{"href":"https:\/\/actionmethod.szoc.bme.hu\/index.php?rest_route=%2Fwp%2Fv2%2Fmedia&parent=662"}],"curies":[{"name":"wp","href":"https:\/\/api.w.org\/{rel}","templated":true}]}}