{"id":74,"date":"2019-05-17T20:49:11","date_gmt":"2019-05-17T20:49:11","guid":{"rendered":"https:\/\/actionmethod.szoc.bme.hu\/?page_id=74"},"modified":"2024-07-18T08:54:44","modified_gmt":"2024-07-18T08:54:44","slug":"amw","status":"publish","type":"page","link":"https:\/\/actionmethod.szoc.bme.hu\/","title":{"rendered":"About"},"content":{"rendered":"<p>A csoportdinamika alak\u00edtja viszonyainkat, kommunik\u00e1ci\u00f3nkat, d\u00f6nt\u00e9seinket. M\u00e9gsem sz\u00e1molunk vele.<\/p>\n<p>Akci\u00f3m\u00f3dszerrel azonban tudatos\u00edthat\u00f3, tanulhat\u00f3, v\u00e1ltoztathat\u00f3.<\/p>\n<figure><a href=\"https:\/\/actionmethod.szoc.bme.hu\/?page_id=81\"><img loading=\"lazy\" decoding=\"async\" width=\"300\" height=\"300\" src=\"https:\/\/actionmethod.szoc.bme.hu\/wp-content\/uploads\/2022\/01\/ikonok-01.png\" alt=\"\" \/><\/a><\/figure>\n<h3><a href=\"https:\/\/actionmethod.szoc.bme.hu\/?page_id=81\">kutatjuk<\/a><\/h3>\n<p>A K\u00fcl\u00f6nb\u00f6z\u0151 csoportokban k\u00fcl\u00f6nb\u00f6z\u0151 rejtett dinamik\u00e1k \u00e9brednek. Ennek le\u00edr\u00e1si lehet\u0151s\u00e9geit vizsg\u00e1ljuk, \u00e9s kommunik\u00e1lhat\u00f3s\u00e1g\u00e1nak know-howj\u00e1n dolgozunk.<\/p>\n<figure><a href=\"https:\/\/actionmethod.szoc.bme.hu\/?page_id=77\"><img loading=\"lazy\" decoding=\"async\" width=\"301\" height=\"300\" src=\"https:\/\/actionmethod.szoc.bme.hu\/wp-content\/uploads\/2022\/01\/ikonok-03.png\" alt=\"\" \/><\/a><\/figure>\n<h3><a href=\"https:\/\/actionmethod.szoc.bme.hu\/?page_id=77\">fejlesztj\u00fck<\/a><\/h3>\n<p>Az akci\u00f3m\u00f3dszer k\u00fcl\u00f6nb\u00f6z\u0151 c\u00e9lokra haszn\u00e1lhat\u00f3: akci\u00f3kutat\u00e1s, adatgy\u0171jt\u00e9s a csoport v\u00e9lem\u00e9ny\u00e9r\u0151l, oktat\u00e1st\u00e1mogat\u00e1s, csoport\u00f6sszet\u00e9tel vizsg\u00e1lata, szuperv\u00edzi\u00f3 etc. A m\u00e1r bevett m\u00f3dszereken t\u00fal k\u00fcl\u00f6nb\u00f6z\u0151, speci\u00e1lis c\u00e9lokra fejleszt\u00fcnk technik\u00e1kat.<\/p>\n<figure><a href=\"https:\/\/actionmethod.szoc.bme.hu\/?page_id=79\"><img loading=\"lazy\" decoding=\"async\" width=\"301\" height=\"300\" src=\"https:\/\/actionmethod.szoc.bme.hu\/wp-content\/uploads\/2022\/01\/ikonok-02.png\" alt=\"\" \/><\/a><\/figure>\n<h3><a href=\"https:\/\/actionmethod.szoc.bme.hu\/?page_id=79\">oktatjuk<\/a><\/h3>\n<p>A Csoportdinamika M\u0171hely vezet\u0151i a Budapesti M\u0171szaki Egyetem Szociol\u00f3gia- \u00e9s Kommunik\u00e1ci\u00f3 Tansz\u00e9k\u00e9nek Kommunik\u00e1ci\u00f3- \u00e9s M\u00e9diatudom\u00e1nyi szakj\u00e1nak curriculum\u00e1ba \u00e9p\u00edtve alkalmazzuk az akci\u00f3m\u00f3dszereket .<\/p>\n<figure><a href=\"https:\/\/szoc.bme.hu\/hu\/home-hu-hu\/hallgat%C3%B3knak\/410-60-%C3%B3r%C3%A1s-pedag%C3%B3gus-tov%C3%A1bbk%C3%A9pz%C3%A9s.html\" target=\"_blank\" rel=\"noopener noreferrer\"><img loading=\"lazy\" decoding=\"async\" width=\"300\" height=\"300\" src=\"https:\/\/actionmethod.szoc.bme.hu\/wp-content\/uploads\/2022\/01\/okt_3_-03.png\" alt=\"\" \/><\/a><\/figure>\n<h3><a href=\"https:\/\/szoc.bme.hu\/hu\/home-hu-hu\/hallgat%C3%B3knak\/410-60-%C3%B3r%C3%A1s-pedag%C3%B3gus-tov%C3%A1bbk%C3%A9pz%C3%A9s.html\" target=\"_blank\" rel=\"noopener noreferrer\">Akci\u00f3m\u00f3dszerek <br \/>\u2013 <br \/>60 \u00f3r\u00e1s pedag\u00f3gus tov\u00e1bbk\u00e9pz\u00e9s<\/a><\/h3>\n<p>Bevezet\u00e9s az akci\u00f3m\u00f3dszerek alkalmaz\u00e1s\u00e1ba 1. &#8211; kih\u00edv\u00e1sok a tanteremben, az iskol\u00e1kban\u00a0c\u00edmmel 60 \u00f3r\u00e1s akkredit\u00e1lt pedag\u00f3gus-tov\u00e1bbk\u00e9pz\u0151 programot ind\u00edtunk\n<\/p>\n<h2>REFERENCI\u00c1K, EREDM\u00c9NYEK<\/h2>\n<p>Hamarosan megjelenik az els\u0151 magyar szociodr\u00e1ma <strong>k\u00e9zik\u00f6nyv<\/strong> T\u00e1gul\u00f3 realit\u00e1s &#8211; A szociodr\u00e1ma m\u00f3dszere\u00a0 c\u00edmmel. (Performers projekt,\u00a0 Typotex Kiad\u00f3)<\/p>\n<p>Megjelent az els\u0151 olyan <strong>tanulm\u00e1ny<\/strong> a zeneipari kutat\u00e1sr\u00f3l, amely szociodramatikus esem\u00e9nyek elemz\u00e9se alapj\u00e1n sz\u00fcletett.<\/p>\n<p>K\u00f6z\u00f6s csoportdinamika szemin\u00e1rium a Budapesti Jav\u00edt\u00f3int\u00e9zet n\u00f6vend\u00e9keivel. Az akci\u00f3m\u00f3dszerrel vezetett egyetemista-n\u00f6vend\u00e9k csoport <strong>filmet<\/strong>\u00a0k\u00e9sz\u00edtett Sz\u0151l\u0151t\u0151k\u00e9ken t\u00fal c\u00edmmel, hogy hogyan l\u00e1tt\u00e1k a k\u00f6z\u00f6s munk\u00e1t.<\/p>\n<p><strong>K\u00f6z\u00f6ss\u00e9gi k\u00f6nyvt\u00e1r<\/strong> akci\u00f3m\u00f3dszerrel vezetett esem\u00e9nyek keres\u00e9s\u00e9re \u00e9s felt\u00f6lt\u00e9s\u00e9re. (Performers projekt)<\/p>\n<p>Kutat\u00f3k \u00e9jszak\u00e1ja: Tud\u00e1s a r\u00e1cs m\u00f6g\u00f6tt.\u00a0Nagy Abonyi L\u00facia \u00edr\u00e1sa az esem\u00e9ny beharangoz\u00f3jak\u00e9nt a Konzervtelefon blogon.<\/p>\n<p>FILM az OFF-Bienn\u00e1le Budapest 2020 RomaMoMa keretein bel\u00fcl megrendezett Omara ki\u00e1ll\u00edt\u00e1s akci\u00f3m\u00f3dszerrel vezetett roma n\u0151i t\u00f6rt\u00e9netek l\u00e9trej\u00f6tt\u00e9r\u0151l.<\/p>\n<p>Szociodramatikusan is vezetett AKCI\u00d3T\u00c1BOR a hetedik ker\u00fcletben &#8211; NLC.<\/p>\n<p>\u00a0<\/p>\n<p>A szociodr\u00e1ma \u00e9s a kritikai pszichol\u00f3gia viszony\u00e1r\u00f3l az \u00daj Egyenl\u0151s\u00e9gben<\/p>\n<h2>KIK VAGYUNK?<\/h2>\n<p>Csoportinamika M\u0171hely\u00fcnk 2019 m\u00e1rcius\u00e1ban indult a BME oktat\u00f3ival, (volt) hallgat\u00f3ival \u00e9s csapatunkhoz csatlakozni k\u00edv\u00e1n\u00f3 k\u00fcls\u0151s \u00e9rdekl\u0151d\u0151kkel.\u00a0A m\u0171helyalkalmak h\u00e1rmas c\u00e9lja a fejleszt\u00e9s, a k\u00f6z\u00f6s gondolkod\u00e1s, a saj\u00e1t\u00e9lm\u00e9ny szerz\u00e9se \u00e9s a szakmai\u00a0gyakorlat(hospit\u00e1l\u00e1si lehet\u0151s\u00e9g) ny\u00fajt\u00e1sa.<\/p>\n<figure><img loading=\"lazy\" decoding=\"async\" width=\"300\" height=\"300\" src=\"https:\/\/actionmethod.szoc.bme.hu\/wp-content\/uploads\/2022\/01\/krisztina_1_-copy.png\" alt=\"\" \/><\/figure>\n<h3>GALG\u00d3CZI KRISZTINA<\/h3>\n<p>\u00f3raad\u00f3, szociodramatista, m\u00f3dszertani fejleszt\u0151<br \/>a Magyar Pszichodr\u00e1ma Egyes\u00fclet Szociodr\u00e1ma Munkacsoportj\u00e1nak vezet\u0151je<\/p>\n<figure><img loading=\"lazy\" decoding=\"async\" width=\"1024\" height=\"1024\" src=\"https:\/\/actionmethod.szoc.bme.hu\/wp-content\/uploads\/2022\/01\/agi_1-.png\" alt=\"\" \/><\/figure>\n<h3>BLASK\u00d3 \u00c1GNES<\/h3>\n<p>oktat\u00f3, szociodramatista, m\u00f3dszertani fejleszt\u0151, BME Szociol\u00f3gia- \u00e9s Kommunik\u00e1ci\u00f3<br \/>\nTansz\u00e9k adjunktusa<\/p>\n<figure><img loading=\"lazy\" decoding=\"async\" width=\"1024\" height=\"1024\" src=\"https:\/\/actionmethod.szoc.bme.hu\/wp-content\/uploads\/2022\/01\/andi_2_.png\" alt=\"\" \/><\/figure>\n<h3>KOCSI ANDREA<\/h3>\n<p>pedag\u00f3gus, szociodramatista, m\u00f3dszertani fejleszt\u0151<br \/>\na Magyar Pszichodr\u00e1ma Egyes\u00fclet Tanulm\u00e1nyi Bizotts\u00e1g\u00e1nak tagja<\/p>\n<figure><img loading=\"lazy\" decoding=\"async\" width=\"768\" height=\"768\" src=\"https:\/\/actionmethod.szoc.bme.hu\/wp-content\/uploads\/2022\/01\/livi_1_.png\" alt=\"\" \/><\/figure>\n<h3>K\u00c1ROLYI L\u00cdVIA<\/h3>\n<p>BME hallgat\u00f3, grafikus, az \u00e1ltal\u00e1ban l\u00e1thatatlan csoportdinamik\u00e1k vizu\u00e1lis megjelen\u00edthet\u0151s\u00e9g\u00e9n dolgozik.<\/p>\n<figure><img loading=\"lazy\" decoding=\"async\" width=\"1200\" height=\"1200\" src=\"https:\/\/actionmethod.szoc.bme.hu\/wp-content\/uploads\/2022\/01\/lucia_1_.png\" alt=\"\" \/><\/figure>\n<h3>NAGY ABONYI L\u00daCIA<\/h3>\n<p>BME hallgat\u00f3,  a &#8220;n\u00e9ma szociometria&#8221; nev\u0171 akci\u00f3m\u00f3dszer kutat\u00f3ja, szervezetfejleszt\u00e9si c\u00e9l\u00fa alkalmazhat\u00f3s\u00e1g\u00e1nak fejleszt\u0151je<\/p>\n<figure><img loading=\"lazy\" decoding=\"async\" width=\"300\" height=\"300\" src=\"https:\/\/actionmethod.szoc.bme.hu\/wp-content\/uploads\/2019\/09\/palmtree.jpg\" alt=\"\" \/><\/figure>\n<h3>T\u00d3TH BORI<\/h3>\n<p>BME hallgat\u00f3, az &#8220;\u00e9l\u0151 facebookposzt nev\u0171 &#8221; m\u00f3dszer fejleszt\u0151je, t\u00e9m\u00e1ja a csoportdinamik\u00e1k dokument\u00e1l\u00e1si know-how-j\u00e1nak kidolgoz\u00e1sa<\/p>\n<figure><img loading=\"lazy\" decoding=\"async\" width=\"300\" height=\"300\" src=\"https:\/\/actionmethod.szoc.bme.hu\/wp-content\/uploads\/2019\/09\/palmtree.jpg\" alt=\"\" \/><\/figure>\n<h3>DURST M\u00f3ni<\/h3>\n<p>szociodr\u00e1ma-vezet\u0151, kik\u00e9pz\u0151<\/p>\n<figure><img loading=\"lazy\" decoding=\"async\" width=\"300\" height=\"300\" src=\"https:\/\/actionmethod.szoc.bme.hu\/wp-content\/uploads\/2019\/09\/palmtree.jpg\" alt=\"\" \/><\/figure>\n<h3>OL\u00c1H AD\u00c9L<\/h3>\n<p>BME hallgat\u00f3<\/p>\n<figure><img loading=\"lazy\" decoding=\"async\" width=\"1200\" height=\"1200\" src=\"https:\/\/actionmethod.szoc.bme.hu\/wp-content\/uploads\/2022\/01\/anna_2_.png\" alt=\"\" \/><\/figure>\n<h3>KISHONTHY ANNA<\/h3>\n<p>BME hallgat\u00f3, a Csal\u00e1dok \u00c1tmeneti Otthona adom\u00e1nyoz\u00f3i sz\u00e1m\u00e1ra szervezett csoportok eredm\u00e9nyeit form\u00e1lja eduk\u00e1ci\u00f3s c\u00e9l\u00fa plak\u00e1ttervekk\u00e9  <\/p>\n<h2>PARTNEREK<\/h2>\n<p>\t\t\t\t\t\t\t\t\t\t<img loading=\"lazy\" decoding=\"async\" width=\"150\" height=\"100\" src=\"https:\/\/actionmethod.szoc.bme.hu\/wp-content\/uploads\/2022\/01\/logo_2_.png\" alt=\"\" \/>\t\t\t\t\t\t\t\t\t\t\t<\/p>\n<p>Semmelweis Egyetem Klinikai Szimul\u00e1ci\u00f3s Tansz\u00e9ki Csoport<\/p>\n<p>Budapesti Jav\u00edt\u00f3int\u00e9zet<\/p>\n<p>Barna Em\u00edlia &#8211; OTKA Kutat\u00e1s<\/p>\n<p>\t\t\t<a href=\"https:\/\/actionmethod.szoc.bme.hu\/?page_id=602\" target=\"_blank\" role=\"button\" rel=\"noopener noreferrer\"><br \/>\n\t\t\t\t\t\tB\u0150VEBBEN<br \/>\n\t\t\t\t\t<\/a><\/p>\n","protected":false},"excerpt":{"rendered":"<p>A csoportdinamika alak\u00edtja viszonyainkat, kommunik\u00e1ci\u00f3nkat, d\u00f6nt\u00e9seinket. M\u00e9gsem sz\u00e1molunk vele. Akci\u00f3m\u00f3dszerrel azonban tudatos\u00edthat\u00f3, tanulhat\u00f3, v\u00e1ltoztathat\u00f3. kutatjuk A K\u00fcl\u00f6nb\u00f6z\u0151 csoportokban k\u00fcl\u00f6nb\u00f6z\u0151 rejtett dinamik\u00e1k \u00e9brednek. Ennek le\u00edr\u00e1si lehet\u0151s\u00e9geit vizsg\u00e1ljuk, \u00e9s kommunik\u00e1lhat\u00f3s\u00e1g\u00e1nak know-howj\u00e1n dolgozunk. fejlesztj\u00fck Az akci\u00f3m\u00f3dszer k\u00fcl\u00f6nb\u00f6z\u0151 c\u00e9lokra haszn\u00e1lhat\u00f3: akci\u00f3kutat\u00e1s, adatgy\u0171jt\u00e9s a csoport v\u00e9lem\u00e9ny\u00e9r\u0151l, oktat\u00e1st\u00e1mogat\u00e1s, csoport\u00f6sszet\u00e9tel vizsg\u00e1lata, szuperv\u00edzi\u00f3 etc. A m\u00e1r bevett m\u00f3dszereken t\u00fal k\u00fcl\u00f6nb\u00f6z\u0151, speci\u00e1lis c\u00e9lokra fejleszt\u00fcnk [&hellip;]<\/p>\n","protected":false},"author":2,"featured_media":0,"parent":0,"menu_order":0,"comment_status":"closed","ping_status":"closed","template":"","meta":{"footnotes":""},"_links":{"self":[{"href":"https:\/\/actionmethod.szoc.bme.hu\/index.php?rest_route=\/wp\/v2\/pages\/74"}],"collection":[{"href":"https:\/\/actionmethod.szoc.bme.hu\/index.php?rest_route=\/wp\/v2\/pages"}],"about":[{"href":"https:\/\/actionmethod.szoc.bme.hu\/index.php?rest_route=\/wp\/v2\/types\/page"}],"author":[{"embeddable":true,"href":"https:\/\/actionmethod.szoc.bme.hu\/index.php?rest_route=\/wp\/v2\/users\/2"}],"replies":[{"embeddable":true,"href":"https:\/\/actionmethod.szoc.bme.hu\/index.php?rest_route=%2Fwp%2Fv2%2Fcomments&post=74"}],"version-history":[{"count":270,"href":"https:\/\/actionmethod.szoc.bme.hu\/index.php?rest_route=\/wp\/v2\/pages\/74\/revisions"}],"predecessor-version":[{"id":887,"href":"https:\/\/actionmethod.szoc.bme.hu\/index.php?rest_route=\/wp\/v2\/pages\/74\/revisions\/887"}],"wp:attachment":[{"href":"https:\/\/actionmethod.szoc.bme.hu\/index.php?rest_route=%2Fwp%2Fv2%2Fmedia&parent=74"}],"curies":[{"name":"wp","href":"https:\/\/api.w.org\/{rel}","templated":true}]}}